osite number?
True
Is 41596097 a composite number?
False
Is 12041273 a composite number?
False
Is 106260685 prime?
False
Is 220823287 prime?
True
Is 168874637 composite?
False
Is 10761757 a prime number?
False
Is 55889689 a composite number?
False
Is 533167631 a prime number?
True
Is 101081 a composite number?
False
Is 114029 a prime number?
False
Is 55816361 composite?
True
Is 14157791 a prime number?
False
Is 383213 composite?
True
Is 77131 prime?
False
Is 1611001 prime?
False
Is 129238033 a prime number?
True
Is 304688131 composite?
True
Is 1850939 a prime number?
True
Is 47540941 composite?
True
Is 67387169 a prime number?
False
Is 1763193 prime?
False
Is 7085119 a composite number?
True
Is 6419707 prime?
False
Is 358337167 prime?
True
Is 1189669 prime?
False
Is 12179317 composite?
False
Is 22922111 prime?
True
Is 13236191 prime?
True
Is 162390331 prime?
False
Is 24192499 prime?
True
Is 15263387 a prime number?
True
Is 26059639 a prime number?
False
Is 13559479 prime?
False
Is 1869493 a prime number?
False
Is 3123403 prime?
True
Is 218293393 composite?
False
Is 28621759 composite?
False
Is 1778789 composite?
True
Is 82216831 a prime number?
True
Is 2988169 a composite number?
False
Is 15817 prime?
True
Is 19701251 a prime number?
True
Is 2042867 a composite number?
True
Is 23432963 a prime number?
True
Is 194854489 a prime number?
True
Is 864659 a composite number?
True
Is 13455853 composite?
False
Is 34971371 composite?
False
Is 91519 a composite number?
True
Is 17274431 a composite number?
True
Is 61080781 prime?
True
Is 24215833 a prime number?
True
Is 7297417 composite?
True
Is 14075387 a composite number?
True
Is 17153183 a prime number?
False
Is 7879589 composite?
False
Is 19313299 a prime number?
True
Is 20660839 a composite number?
False
Is 9074605 prime?
False
Is 2371055 prime?
False
Is 39887909 a composite number?
False
Is 12699637 a prime number?
True
Is 97078021 composite?
False
Is 2064317 a prime number?
True
Is 306426683 prime?
False
Is 3457163 a prime number?
True
Is 12168701 prime?
False
Is 12963729 prime?
False
Is 8196547 prime?
False
Is 34914431 a prime number?
False
Is 26614871 prime?
True
Is 83996951 prime?
False
Is 2260133 composite?
True
Is 21663179 a composite number?
False
Is 1769856421 a composite number?
False
Is 150323 a composite number?
False
Is 2455567 composite?
True
Is 17722013 prime?
False
Is 1144437149 a composite number?
False
Is 26106415 composite?
True
Is 27238097 composite?
True
Is 1031729 composite?
False
Is 457335101 a composite number?
False
Is 35193439 a composite number?
False
Is 149108137 composite?
True
Is 1018085 a composite number?
True
Is 116310013 a prime number?
True
Is 14784907 a prime number?
False
Is 12120749 composite?
False
Is 6889877 a prime number?
False
Is 59118181 prime?
True
Is 476887 composite?
False
Is 12419899 a prime number?
True
Is 3284327 composite?
True
Is 46403905 a prime number?
False
Is 2535977 a prime number?
True
Is 2142431 a composite number?
False
Is 3908071 a composite number?
False
Is 129005213 prime?
True
Is 973141 composite?
True
Is 4389131 a composite number?
False
Is 364329833 a composite number?
True
Is 130061039 a composite number?
False
Is 13784317 a prime number?
True
Is 15013 a prime number?
True
Is 37763 prime?
False
Is 22678811 a prime number?
True
Is 19515157 a prime number?
False
Is 8926501 prime?
True
Is 1317557 a prime number?
False
Is 38501 a composite number?
False
Is 12863251 a composite number?
False
Is 61324733 prime?
True
Is 43084009 prime?
True
Is 22301597 composite?
True
Is 1829437 a composite number?
True
Is 12473183 composite?
False
Is 19774697 a prime number?
False
Is 138797777 prime?
True
Is 317123911 composite?
True
Is 2430047 a composite number?
False
Is 113419609 a prime number?
False
Is 1809976763 a prime number?
False
Is 161742629 a prime number?
False
Is 15905753 a composite number?
False
Is 276111641 prime?
False
Is 2840549 composite?
False
Is 50306219 composite?
True
Is 225473747 prime?
True
Is 1797161 composite?
False
Is 13443901 a prime number?
False
Is 26826437 composite?
True
Is 1249169 a composite number?
True
Is 3782015 prime?
False
Is 62294347 composite?
True
Is 26957141 composite?
False
Is 211859 a prime number?
True
Is 11501681 prime?
True
Is 52384147 composite?
True
Is 513817 a composite number?
True
Is 26452583 composite?
False
Is 109801 prime?
False
Is 14029251 a prime number?
False
Is 731781821 composite?
False
Is 2845547 composite?
False
Is 3613033 a prime number?
True
Is 107931347 a composite number?
False
Is 5724911 composite?
True
Is 119697569 a composite number?
False
Is 147796577 a prime number?
True
Is 26320501 prime?
True
Is 14836102 prime?
False
Is 24879161 prime?
True
Is 1507729 composite?
False
Is 67790933 prime?
False
Is 166499 composite?
True
Is 1563067 prime?
False
Is 5207519 prime?
True
Is 304638539 a composite number?
False
Is 25970249 a composite number?
True
Is 6252537 a prime number?
False
Is 7839491 a composite number?
True
Is 7011479 prime?
True
Is 20656763 prime?
True
Is 12892799 prime?
True
Is 13892513 a prime number?
True
Is 4970335 a composite number?
True
Is 1757009 prime?
False
Is 2669761 a prime number?
False
Is 3035507 a prime number?
True
Is 2723662 prime?
False
Is 6685919 a prime number?
False
Is 220463083 a composite number?
False
Is 40734091 a composite number?
True
Is 3511489 composite?
False
Is 3799819 prime?
True
Is 151538797 prime?
True
Is 323558597 a prime number?
False
Is 14870047 a prime number?
False
Is 1091817271 a composite number?
False
Is 1396441 a prime number?
False
Is 75128453 a prime number?
True
Is 1559389 composite?
True
Is 31318827 prime?
False
Is 1193761 a composite number?
False
Is 62421519 a composite number?
True
Is 1322918 prime?
False
Is 9590953 composite?
True
Is 91146961 prime?
False
Is 289529 a composite number?
True
Is 3802753 a prime number?
True
Is 14968501 a composite number?
True
Is 5907709 a prime number?
False
Is 66767321 prime?
False
Is 173963299 prime?
True
Is 1383139 composite?
False
Is 1905517 composite?
False
Is 54841142 prime?
False
Is 25970011 a composite number?
True
Is 2360401 a prime number?
False
Is 6862259 prime?
True
Is 9898289 a composite number?
True
Is 28421429 prime?
False
Is 35242419 prime?
False
Is 597851 prime?
False
Is 821771 a prime number?
True
Is 1013984017 a prime number?
True
Is 28012987 a composite number?
True
Is 56813171 prime?
False
Is 483209 a prime number?
True
Is 77618237 composite?
False
Is 8826863 prime?
True
Is 3347977 prime?
False
Is 289126 prime?
False
Is 13365749 composite?
True
Is 1946257 a composite number?
False
Is 3005999 composite?
False
Is 6290567 composite?
False
Is 188330203 a composite number?
False
Is 5282983 prime?
True
Is 223827379 prime?
True
Is 344713 prime?
False
Is 83639153 composite?
True
Is 1895473 composite?
True
Is 1500893 prime?
True
Is 33691913 a prime number?
True
Is 2000591 prime?
False
Is 19684661 prime?
True
Is 28474871 composite?
False
Is 324470027 a prime number?
False
Is 89768957 a composite number?
True
Is 10125467 composite?
True
Is 279818953 prime?
False
Is 1663589 composite?
False
Is 2879419 a composite number?
True
Is 9030389 a composite number?
False
Is 181524338 composite?
True
Is 167171743 a prime number?
False
Is 22904159 composite?
True
Is 21181411 a composite number?
False
Is 9296789 prime?
False
Is 1208719 a composite number?
True
Is 64131491 prime?
False
Is 101864507 a prime number?
False
Is 8081629 a composite number?
False
Is 732323 a prime number?
True
Is 133029019 composite?
True
Is 61761247 prime?
True
Is 4199269 prime?
True
Is 50692307 a prime number?
True
Is 3892738 a composite number?
True
Is 51645131 prime?
True
Is 25794997 a prime number?
True
Is 2551057 a composite number?
False
Is 26764271 composite?
False
Is 86743537 a composite number?
True
Is 1101071 prime?
True
Is 951047 a composite number?
False
Is 17360782 a prime number?
False
Is 12695509 a composite number?
False
Is 548463295 a composite number?
True
Is 94332751 composite?
True
Is 58947269 composite?
False
Is 1438583 prime?
True
Is 1613471 composite?
False
Is 76191389 a composite number?
False
Is 30433021 a prime number?
True
Is 335839783 a prime number?
True
Is 36490081 a prime number?
False
Is 9